72?
9
Calculate the highest common divisor of 196 and 1750.
14
Calculate the highest common factor of 13690 and 30.
10
Calculate the greatest common divisor of 270 and 54.
54
What is the greatest common divisor of 63 and 2982?
21
Calculate the greatest common factor of 350 and 1344.
14
Calculate the highest common factor of 23 and 2921.
23
Calculate the greatest common divisor of 1488 and 36.
12
Calculate the greatest common divisor of 256 and 576.
64
What is the highest common factor of 490 and 210?
70
Calculate the highest common factor of 492 and 114.
6
What is the highest common divisor of 121 and 1?
1
Calculate the highest common factor of 15 and 1545.
15
Calculate the highest common factor of 78 and 6942.
78
Calculate the greatest common factor of 87 and 145.
29
Calculate the greatest common factor of 9 and 279.
9
Calculate the greatest common factor of 291 and 194.
97
What is the highest common divisor of 16599 and 3?
3
Calculate the highest common divisor of 45 and 24.
3
Calculate the highest common divisor of 231 and 1661.
11
Calculate the greatest common divisor of 46 and 3082.
46
Calculate the highest common factor of 35 and 1295.
35
What is the greatest common divisor of 5828 and 310?
62
Calculate the highest common divisor of 615 and 369.
123
What is the greatest common divisor of 15 and 10115?
5
What is the greatest common divisor of 23 and 345?
23
Calculate the greatest common factor of 64 and 752.
16
Calculate the highest common divisor of 12 and 15960.
12
What is the greatest common divisor of 56 and 8?
8
What is the highest common divisor of 210 and 560?
70
What is the highest common factor of 6318 and 13?
13
What is the greatest common factor of 84 and 126?
42
Calculate the highest common factor of 830 and 1130.
10
Calculate the highest common factor of 76 and 19475.
19
Calculate the highest common divisor of 108 and 1239.
3
What is the greatest common factor of 517 and 22?
11
Calculate the greatest common divisor of 132 and 84.
12
Calculate the greatest common factor of 186 and 8277.
93
What is the highest common divisor of 3180 and 60?
60
Calculate the highest common divisor of 39 and 2847.
39
Calculate the highest common factor of 5819 and 11.
11
Calculate the highest common divisor of 1130 and 10.
10
What is the highest common factor of 21 and 49?
7
Calculate the greatest common factor of 812 and 364.
28
Calculate the highest common factor of 215 and 10.
5
Calculate the highest common factor of 40 and 2305.
5
What is the highest common factor of 52 and 923?
13
Calculate the highest common divisor of 440 and 15180.
220
Calculate the highest common factor of 3492 and 36.
36
What is the highest common divisor of 962 and 1716?
26
Calculate the greatest common factor of 11128 and 104.
104
What is the greatest common factor of 936 and 1080?
72
Calculate the greatest common factor of 7794 and 2.
2
What is the highest common factor of 988 and 260?
52
What is the greatest common factor of 26962 and 13?
13
What is the highest common factor of 2058 and 6?
6
Calculate the highest common divisor of 294 and 42.
42
What is the highest common divisor of 42 and 10038?
42
What is the greatest common divisor of 11 and 891?
11
What is the greatest common factor of 12 and 48?
12
Calculate the greatest common divisor of 16 and 5.
1
Calculate the greatest common divisor of 976 and 61.
61
What is the greatest common factor of 6496 and 84?
28
Calculate the greatest common divisor of 41 and 1066.
41
Calculate the highest common factor of 20 and 10.
10
Calculate the highest common divisor of 3 and 109.
1
Calculate the highest common factor of 276 and 644.
92
Calculate the highest common divisor of 8690 and 50.
10
Calculate the highest common factor of 380 and 15390.
190
What is the greatest common factor of 9966 and 44?
22
Calculate the greatest common divisor of 945 and 108.
27
Calculate the greatest common divisor of 135 and 13590.
45
What is the highest common divisor of 124 and 36?
4
Calculate the greatest common divisor of 6601 and 3157.
287
Calculate the highest common factor of 9 and 144.
9
What is the highest common divisor of 567 and 459?
27
Calculate the greatest common divisor of 46 and 4.
2
What is the highest common divisor of 245 and 1862?
49
What is the greatest common divisor of 2263 and 73?
73
What is the highest common factor of 839 and 1?
1
Calculate the highest common factor of 68 and 4.
4
What is the greatest common divisor of 544 and 204?
68
Calculate the highest common factor of 48 and 60.
12
Calculate the greatest common divisor of 36 and 2136.
12
What is the highest common divisor of 228 and 48?
12
What is the greatest common factor of 1513 and 17?
17
Calculate the highest common factor of 156 and 949.
13
Calculate the highest common divisor of 72 and 4014.
18
Calculate the greatest common factor of 102 and 252.
6
What is the highest common divisor of 150 and 975?
75
Calculate the greatest common divisor of 1065 and 284.
71
Calculate the greatest common factor of 15 and 5505.
15
Calculate the greatest common divisor of 616 and 2849.
77
What is the highest common divisor of 35 and 1589?
7
Calculate the greatest common factor of 3 and 123.
3
What is the greatest common factor of 43 and 1505?
43
What is the highest common factor of 234 and 3666?
78
What is the greatest common divisor of 432 and 2?
2
What is the greatest common divisor of 320 and 1264?
16
Calculate the greatest common factor of 923 and 355.
71
What is the highest common divisor of 1950 and 200?
50
Calculate the highest common divisor of 63 and 387.
9
Calculate the greatest common divisor of 2033 and 475.
19
Calculate the greatest common divisor of 208 and 442.
26
Calculate the greatest common divisor of 12 and 34.
2
Calculate the greatest common factor of 9786 and 210.
42
Calculate the greatest common divisor of 78 and 208.
26
What is the highest common factor of 6 and 186?
6
What is the highest common factor of 56 and 196?
28
What is the greatest common divisor of 1694 and 286?
22
What is the greatest common factor of 1 and 14369?
1
Calculate the highest common factor of 85 and 561.
17
What is the greatest common factor of 18 and 5607?
9
Calculate the greatest common divisor of 1470 and 240.
30
Calculate the highest common divisor of 716 and 24.
4
What is the highest common factor of 297 and 88?
11
Calculate the highest common factor of 22 and 286.
22
Calculate the greatest common divisor of 5382 and 23.
23
Calculate the greatest common factor of 15 and 1650.
15
What is the greatest common divisor of 615 and 3485?
205
What is the highest common divisor of 33 and 176?
11
What is the greatest common factor of 264 and 984?
24
Calculate the greatest common divisor of 352 and 44.
44
Calculate the highest common factor of 7804 and 12.
4
What is the highest common divisor of 17934 and 294?
294
What is the greatest common divisor of 54 and 990?
18
What is the highest common divisor of 426 and 2698?
142
Calculate the greatest common divisor of 382 and 32.
2
Calculate the highest common divisor of 46 and 253.
23
Calculate the highest common divisor of 2450 and 75.
25
Calculate the greatest common factor of 18 and 198.
18
What is the highest common factor of 267 and 12?
3
What is the highest common divisor of 90 and 180?
90
Calculate the greatest common divisor of 79 and 790.
79
Calculate the highest common divisor of 480 and 12.
12
What is the greatest common divisor of 39201 and 358?
179
What is the highest common factor of 8252 and 4?
4
Calculate the highest common factor of 45 and 13185.
45
What is the highest common divisor of 153 and 17?
17
Calculate the highest common factor of 2421 and 18.
9
What is the greatest common factor of 186 and 124?
62
What is the highest common factor of 21627 and 54?
27
Calculate the highest common factor of 36 and 822.
6
What is the highest common factor of 1500 and 12?
12
What is the greatest common factor of 10320 and 86?
86
Calculate the greatest common factor of 33 and 297.
33
What is the highest common factor of 24 and 1212?
12
What is the greatest common factor of 2952 and 45?
9
Calculate the highest common divisor of 276 and 7590.
138
What is the greatest common divisor of 324 and 2340?
36
What is the greatest common divi